ommon divisor of q and 6.
6
Let n(j) be the third derivative of -j**4/12 - j**3/3 + j**2. Let i be n(-3). Calculate the highest common divisor of i and 1.
1
Suppose 3*b - 136 = -19. Let c(m) = m + 13. Let y be c(0). Calculate the highest common factor of b and y.
13
Let v(f) = -f**3 + 9*f**2 + 3*f - 12. Let t be v(9). Let u be 5/(t/12) + (-6)/(-1). What is the highest common factor of 110 and u?
10
Suppose 6 = -2*k, 2*k = y - 2*y + 54. Suppose 73*a = 76*a - y. Calculate the highest common factor of a and 5.
5
Let y be -17*(3 + -4)*(-1 + 2). Let i = -99 + 147. Let v = 235 - i. Calculate the highest common factor of y and v.
17
Let f be (0 - 2/(-6)) + (-110)/(-30). Suppose 9 = -f*h - 3, 2*h = o - 62. Calculate the highest common factor of 8 and o.
8
Suppose -w - 26 = -3*w. Suppose -w*a + 286 = -221. Calculate the greatest common divisor of a and 26.
13
Suppose 5*u + 25 = 5*o, 0*o + 25 = -5*u - o. Let f be -1 + -1 + (-5)/u*3. What is the highest common factor of f and 8?
1
Let g be (-252)/54*36/(-8). Calculate the greatest common factor of g and 1113.
21
Suppose -5*k + 334 = 3*b - 34, -2*b + 2*k = -256. Calculate the greatest common factor of 70 and b.
14
Let w be 3 + 0 + (-3 - -34). Let p = -21 + w. Calculate the highest common divisor of 104 and p.
13
Let b = 17 - 33. Let m be -3*b/18*-3. Let c = 0 - m. Calculate the highest common factor of 40 and c.
8
Suppose 2*i = -4*y - 150, -10 = 4*i + 2. Let k be 2262/27 + ((-40)/y)/5. Suppose -4*z - 28 = -5*z. Calculate the greatest common divisor of k and z.
28
Let g be 2/(-6)*(0 + -396). Calculate the greatest common factor of 264 and g.
132
Suppose 0 = -3*w + 77 + 190. Let d = w - 59. Calculate the highest common divisor of d and 15.
15
Let q = -49 + 45. Let n(b) = 8*b**2 + 7*b + 5. Let g be n(q). Calculate the greatest common factor of g and 30.
15
Suppose 2*p + 3*x - 7 = 0, -3*p - x + 9 = 2. Let w be (-39)/(-4)*p*6. Calculate the highest common factor of 13 and w.
13
Let a be 42/(-14)*28/(-2)*2. Calculate the highest common factor of 28 and a.
28
Let z(i) = 4*i - 12. Let f be z(5). Suppose 5*g = 22 + f. Let o be g + 1 + 2/1. Calculate the greatest common factor of o and 6.
3
Let y = -977 - -1355. Calculate the highest common factor of 210 and y.
42
Suppose 3 = 3*m, 0 = 3*r + m - 3*m - 115. What is the highest common factor of 273 and r?
39
Let u = -312 - -335. What is the greatest common factor of u and 299?
23
Suppose 3*w - 84 = -w. Let m = 198 + -51. Calculate the greatest common divisor of m and w.
21
Let j(h) = -10*h + 1. Let s be j(-1). Suppose -5*v + 96 = z, 6*z - 7*z + 3*v = -136. What is the greatest common factor of s and z?
11
Let f = 84 - 69. Let w = f + -5. What is the greatest common divisor of 20 and w?
10
Let w be 240/(-14)*3/((-18)/168). Calculate the greatest common divisor of 30 and w.
30
Let o = 44 - -56. Let l(j) = j - 11. Let h be l(14). Suppose -25 = h*p - 4*p. Calculate the highest common factor of p and o.
25
Let r be (-2)/13 + 0 + (-3890)/65. Let h = 66 + r. What is the greatest common divisor of 6 and h?
6
Let d(w) = -38*w - 103. Let r be d(-3). What is the greatest common divisor of r and 275?
11
Let a = 1 - -23. Suppose 0 = 7*o + 4*o + 11. Let f = 7 + o. What is the highest common factor of a and f?
6
Suppose 4*j + y - 2*y = 36, y = -2*j + 18. Suppose j + 15 = 3*d. Let h = -49 + 81. Calculate the greatest common factor of d and h.
8
Suppose -12 = 3*p - 0, -4*a - 5*p = 8. Suppose 0*i - 14 = -a*s + 2*i, -i - 6 = -s. Suppose -5*b = -s*b - 66. What is the highest common factor of b and 22?
22
Suppose 5*d - 2*o - 68 = -o, 3*o + 8 = d. Let r be -140*2/10*-2. What is the highest common factor of r and d?
14
Let j(u) = u**2 - 7*u - 3. Suppose 0*c - 3*c = 51. Let z = c + 25. Let v be j(z). What is the greatest common factor of 40 and v?
5
Let p(l) = -l**3 + 40*l**2 + 48*l + 262. Let m be p(41). What is the greatest common factor of m and 54?
9
Let r be 34/5 - (-52)/(-65). Calculate the greatest common divisor of 111 and r.
3
Let n(w) = -w**2 + 0 - 182*w + 177*w - 3. Let i be n(-4). Calculate the highest common factor of 1 and i.
1
Let g be 9 + -1 + (-2 - 3). Calculate the greatest common divisor of g and 12.
3
Suppose -p = -18 + 13. Suppose -p*h + 156 = -k - 9, 5*h = -2*k + 165. Calculate the highest common divisor of 44 and h.
11
Suppose h - 6 + 0 = 0. Let f = -302 - -303. Calculate the highest common divisor of f and h.
1
Suppose 11*t - 7*t = -3*j + 189, 3*t = 3*j - 189. Calculate the highest common factor of 63 and j.
63
Suppose 7*a + 5*a - 36 = 0. Suppose 4*l + 2*j - 112 = 0, 2*j = -5*l + 112 + 27. What is the highest common factor of l and a?
3
Let n(a) = -a**3 - 6*a**2 - 6*a + 4. Let d be n(-5). Let f = -64 - -91. Suppose f*q = 24*q + 9. What is the greatest common factor of d and q?
3
Suppose 331 - 107 = 3*x - t, -3*t = 4*x - 316. Suppose 2*f = -4*g + x, 2*f - 2 - 2 = 0. Calculate the greatest common divisor of g and 2.
2
Let q be 2 + 2/6*249. Suppose -w + 2*r = -20, w + 4*w - 5*r = q. Calculate the greatest common factor of 14 and w.
14
Let u be 2/(-4) - (-204)/24. Suppose -4*q + u = -0. Suppose -v = q*v - 36. Calculate the highest common factor of 132 and v.
12
Suppose 0 = -707*d + 701*d + 1008. Suppose -7*j = -d + 63. Suppose 0 = 4*y + 5*t - 40, 5*y + 3*t - 42 = 21. Calculate the highest common divisor of y and j.
15
Suppose 1503 = 2*r + 109. Calculate the highest common factor of 17 and r.
17
Suppose 4*u + 4*t + t = -52, 0 = t + 4. Let a be 144/(-28)*(u - -1). Let w(c) = -17*c + 3. Let v be w(-3). What is the greatest common divisor of v and a?
18
Suppose f - 5*g + 12 = 0, 4*f = -5*g + 4*g + 15. Let l be f - (-16 - 0) - 2. Suppose 107 = 6*p - 1015. What is the greatest common divisor of l and p?
17
Let r = 44 + -31. Let q be -2*((-5 - -3) + 556/(-8)). What is the greatest common divisor of r and q?
13
Suppose -19*t + 8 = -23*t. Let s be 95/6 - t/12. Suppose 0*z + 4*z - s = 0. Calculate the highest common factor of 32 and z.
4
Let a = 822 + -810. Calculate the highest common divisor of 156 and a.
12
Let y be ((-4620)/490)/(-1*(-1)/(-7)). What is the greatest common factor of 132 and y?
66
Suppose -196*v + 6643 + 6287 = -4906. Let g = 17 + -4. Calculate the highest common divisor of v and g.
13
Suppose 0 = -34*g + 1623 + 247. Suppose -4*h - n = -87, 0 = 3*h + 3*n - 8*n - 71. Calculate the highest common factor of h and g.
11
Let i(l) = l**3 - 5*l**2 - 8*l + 13. Let c be i(6). Let u be 0 + -2 + 6*(c + 2). Calculate the highest common divisor of 80 and u.
16
Let q = 88 - 102. Let d(g) = g**3 + 16*g**2 + 28*g + 1. Let s be d(q). Calculate the highest common divisor of 9 and s.
1
Suppose 5*j - 1797 = 2*j. Suppose 0 = 3*f + 2183 - j. Let a be (4/6)/((-32)/f). What is the highest common divisor of 99 and a?
11
Let n(r) = -11*r**3 - 2*r**2 - r + 2. Let k be n(-1). Suppose -2*b = -k*b + 210. What is the highest common factor of b and 147?
21
Let f = -11 + 12. Let m be 2/1 + (f - 0). Suppose u = -m*u + 32. Calculate the greatest common divisor of 56 and u.
8
Let h(s) = 6*s**2 + s - 1. Let f be h(-2). Let w be (-1 - -1)*4/(-8) + f. Calculate the greatest common divisor of w and 7.
7
Let t = 666 + -396. What is the greatest common divisor of 30 and t?
30
Suppose 40 = 5*b - 5*j - 140, 159 = 4*b + j. Let h be 407/33 - (-2)/3. Calculate the greatest common divisor of h and b.
13
Let g be (4/3)/(2/9). Let s(j) = 10*j. Let l be s(g). Calculate the greatest common factor of l and 15.
15
Let u(k) = 21*k**3 - k**2. Let y be u(1). Let r(t) = -7*t**3 - 2*t**2 + 2*t - 5. Let w be r(-3). What is the highest common factor of y and w?
20
Suppose 30 = -257*f + 254*f. Suppose 42 = b + 5*s, -2*b = -3*s - 0*s - 32. Let n = b + f. What is the highest common factor of 24 and n?
12
Let j(a) = 6*a**2 - 21*a + 49. Let o be j(14). Calculate the highest common factor of 399 and o.
133
Suppose 4*w + 4*k = 9*w - 793, -4*k - 149 = -w. What is the greatest common divisor of 230 and w?
23
Let u be 2/8 + (-391)/(-4). Suppose 0 = 51*j - 1050 + 336. Calculate the greatest common divisor of j and u.
14
Let q be 22/1*7/14. Calculate the highest common factor of q and 121.
11
Suppose 0 = -13*p - 11 - 2. Let u be (-4 - p)*(-1 - 0/(-1)). What is the highest common factor of u and 12?
3
Let l = 5 - -331. What is the